{"id":29014,"date":"2024-05-16T14:38:16","date_gmt":"2024-05-16T12:38:16","guid":{"rendered":"https:\/\/60plusanniviers.ch\/?page_id=29014"},"modified":"2026-03-27T15:27:54","modified_gmt":"2026-03-27T14:27:54","slug":"politique-de-confidentialite","status":"publish","type":"page","link":"https:\/\/60plusanniviers.ch\/?page_id=29014","title":{"rendered":"Politique de confidentialit\u00e9"},"content":{"rendered":"<p>[et_pb_section fb_built=\u00a0\u00bb1&Prime; admin_label=\u00a0\u00bbsection\u00a0\u00bb _builder_version=\u00a0\u00bb4.27.4&Prime; background_color=\u00a0\u00bb#0656C6&Prime; background_enable_image=\u00a0\u00bboff\u00a0\u00bb background_size=\u00a0\u00bbinitial\u00a0\u00bb background_repeat=\u00a0\u00bbrepeat\u00a0\u00bb custom_margin=\u00a0\u00bb-1.5vw||1vw||false|false\u00a0\u00bb custom_padding=\u00a0\u00bb55px|||||\u00a0\u00bb global_colors_info=\u00a0\u00bb{}\u00a0\u00bb][et_pb_row module_id=\u00a0\u00bbconfidentialit\u00e9\u00a0\u00bb _builder_version=\u00a0\u00bb4.27.5&Prime; _module_preset=\u00a0\u00bbdefault\u00a0\u00bb background_color=\u00a0\u00bb#0656C6&Prime; width=\u00a0\u00bb85%\u00a0\u00bb max_width=\u00a0\u00bbnone\u00a0\u00bb module_alignment=\u00a0\u00bbcenter\u00a0\u00bb custom_margin=\u00a0\u00bb||||false|false\u00a0\u00bb custom_padding=\u00a0\u00bb3vw||3vw||true|false\u00a0\u00bb animation_style=\u00a0\u00bbslide\u00a0\u00bb border_width_top=\u00a0\u00bb5px\u00a0\u00bb border_color_top=\u00a0\u00bb#FFFFFF\u00a0\u00bb border_style_top=\u00a0\u00bbridge\u00a0\u00bb border_width_right=\u00a0\u00bb5px\u00a0\u00bb border_color_right=\u00a0\u00bb#FFFFFF\u00a0\u00bb border_style_right=\u00a0\u00bbridge\u00a0\u00bb border_width_bottom=\u00a0\u00bb5px\u00a0\u00bb border_color_bottom=\u00a0\u00bb#FFFFFF\u00a0\u00bb border_style_bottom=\u00a0\u00bbridge\u00a0\u00bb border_width_left=\u00a0\u00bb5px\u00a0\u00bb border_color_left=\u00a0\u00bb#FFFFFF\u00a0\u00bb border_style_left=\u00a0\u00bbridge\u00a0\u00bb global_colors_info=\u00a0\u00bb{}\u00a0\u00bb][et_pb_column type=\u00a0\u00bb4_4&Prime; _builder_version=\u00a0\u00bb4.16&Prime; _module_preset=\u00a0\u00bbdefault\u00a0\u00bb global_colors_info=\u00a0\u00bb{}\u00a0\u00bb][et_pb_text _builder_version=\u00a0\u00bb4.27.5&Prime; _module_preset=\u00a0\u00bbdefault\u00a0\u00bb text_font=\u00a0\u00bbLato|700|||||||\u00a0\u00bb header_font=\u00a0\u00bb|600||on|||||\u00a0\u00bb header_text_align=\u00a0\u00bbcenter\u00a0\u00bb header_text_color=\u00a0\u00bb#FFFFFF\u00a0\u00bb header_font_size=\u00a0\u00bb40px\u00a0\u00bb header_letter_spacing=\u00a0\u00bb3px\u00a0\u00bb header_2_font=\u00a0\u00bbMontserrat|700||on|||||\u00a0\u00bb header_2_text_color=\u00a0\u00bb#FFFFFF\u00a0\u00bb header_2_font_size=\u00a0\u00bb25px\u00a0\u00bb header_2_letter_spacing=\u00a0\u00bb2px\u00a0\u00bb background_color=\u00a0\u00bbRGBA(255,255,255,0)\u00a0\u00bb width=\u00a0\u00bb100%\u00a0\u00bb max_width=\u00a0\u00bb90%\u00a0\u00bb module_alignment=\u00a0\u00bbcenter\u00a0\u00bb custom_padding=\u00a0\u00bb15px||5px||false|false\u00a0\u00bb header_font_size_tablet=\u00a0\u00bb32px\u00a0\u00bb header_font_size_phone=\u00a0\u00bb30px\u00a0\u00bb header_font_size_last_edited=\u00a0\u00bbon|phone\u00a0\u00bb header_text_shadow_style=\u00a0\u00bbpreset5&Prime; header_text_shadow_horizontal_length=\u00a0\u00bb0.06em\u00a0\u00bb header_text_shadow_vertical_length=\u00a0\u00bb0.06em\u00a0\u00bb header_text_shadow_color=\u00a0\u00bb#86CD27&Prime; border_color_top=\u00a0\u00bb#86CD27&Prime; border_style_top=\u00a0\u00bbridge\u00a0\u00bb global_colors_info=\u00a0\u00bb{}\u00a0\u00bb]<\/p>\n<h1 style=\"text-align: center;\">politique de confidentialit\u00e9<\/h1>\n<p>[\/et_pb_text][et_pb_text _builder_version=\u00a0\u00bb4.27.5&Prime; _module_preset=\u00a0\u00bbdefault\u00a0\u00bb text_font_size=\u00a0\u00bb20px\u00a0\u00bb header_2_font=\u00a0\u00bb|600||||on|||\u00a0\u00bb header_2_text_align=\u00a0\u00bbcenter\u00a0\u00bb header_2_text_color=\u00a0\u00bb#FFFFFF\u00a0\u00bb header_2_font_size=\u00a0\u00bb25px\u00a0\u00bb header_2_letter_spacing=\u00a0\u00bb5px\u00a0\u00bb header_3_font=\u00a0\u00bb|600|on|||on|||\u00a0\u00bb header_3_text_color=\u00a0\u00bb#0656C6&Prime; header_3_letter_spacing=\u00a0\u00bb2px\u00a0\u00bb header_4_font=\u00a0\u00bb||on|||on|||\u00a0\u00bb header_4_text_align=\u00a0\u00bbcenter\u00a0\u00bb header_4_text_color=\u00a0\u00bb#f91800&Prime; header_4_font_size=\u00a0\u00bb20px\u00a0\u00bb header_4_letter_spacing=\u00a0\u00bb2px\u00a0\u00bb background_color=\u00a0\u00bbRGBA(255,255,255,0)\u00a0\u00bb width=\u00a0\u00bb100%\u00a0\u00bb width_tablet=\u00a0\u00bb55%\u00a0\u00bb width_phone=\u00a0\u00bb55%\u00a0\u00bb width_last_edited=\u00a0\u00bbon|phone\u00a0\u00bb max_width=\u00a0\u00bb90%\u00a0\u00bb module_alignment=\u00a0\u00bbcenter\u00a0\u00bb custom_margin=\u00a0\u00bb-2.3vw||||false|false\u00a0\u00bb custom_margin_tablet=\u00a0\u00bb-5vw||||false|false\u00a0\u00bb custom_margin_phone=\u00a0\u00bb-10vw||||false|false\u00a0\u00bb custom_margin_last_edited=\u00a0\u00bbon|phone\u00a0\u00bb custom_padding=\u00a0\u00bb10px||3px||false|false\u00a0\u00bb header_4_font_size_tablet=\u00a0\u00bb\u00a0\u00bb header_4_font_size_phone=\u00a0\u00bb\u00a0\u00bb header_4_font_size_last_edited=\u00a0\u00bbon|phone\u00a0\u00bb border_color_all=\u00a0\u00bb#0656C6&Prime; border_color_top=\u00a0\u00bb#f93600&Prime; global_colors_info=\u00a0\u00bb{}\u00a0\u00bb]<\/p>\n<h2 style=\"text-align: center;\"><em><span style=\"color: #ffffff;\">Derni\u00e8re mise \u00e0 jour :<\/span> <span style=\"text-decoration: underline; color: #ff6600;\">juin 2024<\/span><\/em><\/h2>\n<p>[\/et_pb_text][\/et_pb_column][\/et_pb_row][et_pb_row admin_label=\u00a0\u00bbrow\u00a0\u00bb _builder_version=\u00a0\u00bb4.27.6&Prime; background_color=\u00a0\u00bb#61961D\u00a0\u00bb background_size=\u00a0\u00bbinitial\u00a0\u00bb background_position=\u00a0\u00bbtop_left\u00a0\u00bb background_repeat=\u00a0\u00bbrepeat\u00a0\u00bb width=\u00a0\u00bb85%\u00a0\u00bb max_width=\u00a0\u00bbnone\u00a0\u00bb module_alignment=\u00a0\u00bbcenter\u00a0\u00bb custom_margin=\u00a0\u00bb1vw||||false|false\u00a0\u00bb hover_enabled=\u00a0\u00bb0&Prime; border_width_all=\u00a0\u00bb5px\u00a0\u00bb border_color_all=\u00a0\u00bb#FFFFFF\u00a0\u00bb border_style_all=\u00a0\u00bbridge\u00a0\u00bb border_color_right=\u00a0\u00bb#FFFFFF\u00a0\u00bb border_width_bottom=\u00a0\u00bb5px\u00a0\u00bb border_color_bottom=\u00a0\u00bb#FFFFFF\u00a0\u00bb border_color_left=\u00a0\u00bb#FFFFFF\u00a0\u00bb global_colors_info=\u00a0\u00bb{}\u00a0\u00bb sticky_enabled=\u00a0\u00bb0&Prime;][et_pb_column type=\u00a0\u00bb4_4&Prime; _builder_version=\u00a0\u00bb4.16&Prime; custom_padding=\u00a0\u00bb|||\u00a0\u00bb global_colors_info=\u00a0\u00bb{}\u00a0\u00bb custom_padding__hover=\u00a0\u00bb|||\u00a0\u00bb][et_pb_text admin_label=\u00a0\u00bbText\u00a0\u00bb _builder_version=\u00a0\u00bb4.27.5&Prime; text_font=\u00a0\u00bb|600|||||||\u00a0\u00bb text_text_color=\u00a0\u00bb#000000&Prime; text_font_size=\u00a0\u00bb18px\u00a0\u00bb text_line_height=\u00a0\u00bb1.4em\u00a0\u00bb header_font=\u00a0\u00bb|600|||||||\u00a0\u00bb header_2_font=\u00a0\u00bbMontserrat|600|||||||\u00a0\u00bb header_2_font_size=\u00a0\u00bb20px\u00a0\u00bb header_3_font=\u00a0\u00bb|600|||on|||#0656C6|\u00a0\u00bb header_3_text_color=\u00a0\u00bb#0656C6&Prime; header_3_font_size=\u00a0\u00bb25px\u00a0\u00bb header_4_font=\u00a0\u00bbMontserrat||||on||||\u00a0\u00bb background_color=\u00a0\u00bb#FFFFFF\u00a0\u00bb background_size=\u00a0\u00bbinitial\u00a0\u00bb background_position=\u00a0\u00bbtop_left\u00a0\u00bb background_repeat=\u00a0\u00bbrepeat\u00a0\u00bb width=\u00a0\u00bb90%\u00a0\u00bb module_alignment=\u00a0\u00bbcenter\u00a0\u00bb custom_margin=\u00a0\u00bb2vw||2vw||false|false\u00a0\u00bb custom_margin_tablet=\u00a0\u00bb-4vw||2vw||false|false\u00a0\u00bb custom_margin_phone=\u00a0\u00bb-8vw||||false|false\u00a0\u00bb custom_margin_last_edited=\u00a0\u00bbon|tablet\u00a0\u00bb custom_padding=\u00a0\u00bb1vw|2vw|1vw|2vw|true|true\u00a0\u00bb border_width_all=\u00a0\u00bb3px\u00a0\u00bb border_color_all=\u00a0\u00bb#0656C6&Prime; global_colors_info=\u00a0\u00bb{}\u00a0\u00bb]<\/p>\n<h3 class=\"western\" style=\"text-align: left;\"><strong><span style=\"font-family: Verdana, sans-serif;\">Qui sommes-nous ?<\/span><\/strong><\/h3>\n<p align=\"LEFT\"><span style=\"font-family: Verdana, sans-serif;\">L\u2019adresse de notre site Web est :\u00a0<\/span><span style=\"color: #0000ff;\"><strong><span style=\"font-family: Verdana, sans-serif;\"><a href=\"https:\/\/60plusanniviers.ch\/\" style=\"color: #0000ff;\"><span style=\"text-decoration: underline;\">https:\/\/60plusanniviers.ch<\/span><\/a><\/span><\/strong><\/span><\/p>\n<h3 class=\"western\"><strong><span style=\"font-family: Verdana, sans-serif;\">Commentaires<\/span><\/strong><\/h3>\n<p><span style=\"font-family: Verdana, sans-serif;\">Quand vous laissez un commentaire sur notre site web, les donn\u00e9es inscrites dans le formulaire de commentaire, mais aussi votre adresse IP et l\u2019agent utilisateur de votre navigateur sont collect\u00e9s pour nous aider \u00e0 la d\u00e9tection des commentaires ind\u00e9sirables.<\/span><\/p>\n<p><span style=\"font-family: Verdana, sans-serif;\">Une cha\u00eene anonymis\u00e9e cr\u00e9\u00e9e \u00e0 partir de votre adresse de messagerie (\u00e9galement appel\u00e9e hash) peut \u00eatre envoy\u00e9e au service Gravatar pour v\u00e9rifier si vous utilisez ce dernier. Les clauses de confidentialit\u00e9 du service Gravatar sont disponibles <a href=\"https:\/\/automattic.com\/privacy\/\" target=\"_blank\" rel=\"noopener\"><span style=\"text-decoration: underline;\"><span style=\"color: #0000ff; text-decoration: underline;\">ici<\/span><span style=\"color: #0000ff; text-decoration: underline;\"><\/span><\/span><\/a><\/span><a href=\"https:\/\/automattic.com\/privacy\/\" target=\"_blank\" rel=\"noopener\"><span style=\"color: #0000ff;\"><span style=\"font-family: Verdana, sans-serif;\"><\/span><\/span><\/a><span style=\"font-family: Verdana, sans-serif;\">.\u00a0 Apr\u00e8s validation de votre commentaire, votre photo de profil sera visible publiquement \u00e0 cot\u00e9 de votre commentaire.<\/span><\/p>\n<h3 class=\"western\"><strong><span style=\"font-family: Verdana, sans-serif;\">Formulaires de contact<\/span><\/strong><\/h3>\n<p><span style=\"font-family: Verdana, sans-serif;\">Nous utilisons DIVI pour g\u00e9rer les donn\u00e9es du formulaire de contact. <\/span><span style=\"font-family: Verdana, sans-serif;\">Voir la<\/span><span style=\"color: #0000ff;\"><span style=\"font-family: Verdana, sans-serif;\"> <\/span><\/span><a href=\"https:\/\/www.divi-community.fr\/politique-de-confidentialite\/\"><span style=\"color: #0000ff;\"><span style=\"font-family: Verdana, sans-serif;\"><u>politique de confidentialit\u00e9 de DIVI<\/u><\/span><\/span><\/a><span style=\"font-family: Verdana, sans-serif;\">.<\/span><\/p>\n<h3 class=\"western\"><strong><span style=\"font-family: Verdana, sans-serif;\">Cookies<\/span><\/strong><\/h3>\n<p><span style=\"font-family: Verdana, sans-serif;\">Si vous d\u00e9posez un commentaire sur notre site, il vous sera propos\u00e9 d\u2019enregistrer votre nom, adresse de messagerie et site web dans des cookies. C\u2019est uniquement pour votre confort afin de ne pas avoir \u00e0 saisir ces informations si vous d\u00e9posez un autre commentaire plus tard. Ces cookies expirent au bout d\u2019un an.<\/span><\/p>\n<p><span style=\"font-family: Verdana, sans-serif;\">Si vous vous rendez sur la page de connexion, un cookie temporaire sera cr\u00e9\u00e9 afin de d\u00e9terminer si votre navigateur accepte les cookies. Il ne contient pas de donn\u00e9es personnelles et sera supprim\u00e9 automatiquement \u00e0 la fermeture de votre navigateur.<\/span><\/p>\n<p><span style=\"font-family: Verdana, sans-serif;\">Lorsque vous vous connecterez, nous mettrons en place un certain nombre de cookies pour enregistrer vos informations de connexion et vos pr\u00e9f\u00e9rences d\u2019\u00e9cran. La dur\u00e9e de vie d\u2019un cookie de connexion est de deux jours, celle d\u2019un cookie d\u2019option d\u2019\u00e9cran est d\u2019un an. Si vous cochez \u00ab Se souvenir de moi \u00bb, votre cookie de connexion sera conserv\u00e9 pendant deux semaines. Si vous vous d\u00e9connectez de votre compte, le cookie de connexion sera effac\u00e9.<\/span><\/p>\n<p><span style=\"font-family: Verdana, sans-serif;\">En modifiant ou en publiant une publication, un cookie suppl\u00e9mentaire sera enregistr\u00e9 dans votre navigateur. Ce cookie ne comprend aucune donn\u00e9e personnelle. Il indique simplement l\u2019ID de la publication que vous venez de modifier. Il expire au bout d\u2019un jour.<\/span><\/p>\n<h3 class=\"western\"><strong><span style=\"font-family: Verdana, sans-serif;\">Statistiques et mesures d&rsquo;audience<\/span><\/strong><\/h3>\n<p><span class=\"ILfuVd\" lang=\"en\"><span class=\"hgKElc\">Puisque vos donn\u00e9es analytiques sont \u00e0 la fois collect\u00e9es et stock\u00e9es sur votre serveur (et qu&rsquo;aucun cookie n&rsquo;est utilis\u00e9), Independent Analtyics est 100% conforme au GDPR. Les analyses sont enregistr\u00e9es sans l&rsquo;utilisation de cookies. Vos donn\u00e9es sont cr\u00e9\u00e9es et stock\u00e9es enti\u00e8rement sur votre site sans aucune communication externe. Voir leur<span style=\"color: #0000ff;\"> <span style=\"text-decoration: underline;\"><a href=\"https:\/\/independentwp.com\/privacy-policy\/\" target=\"_blank\" rel=\"noopener\" style=\"text-decoration: underline; color: #0000ff;\">politique de confidentialit\u00e9<\/a><\/span>.<\/span><br \/><\/span><\/span><\/p>\n<h3><strong><span style=\"font-family: Verdana, sans-serif;\">H\u00e9bergement<\/span><\/strong><\/h3>\n<p><span style=\"font-family: Verdana, sans-serif;\">Notre site est h\u00e9berg\u00e9 par Infomaniak. <\/span><span style=\"font-family: Verdana, sans-serif;\">Voir la <\/span><a href=\"https:\/\/www.infomaniak.com\/fr\/cgv\/politique-de-confidentialite\"><span style=\"color: #0000ff;\"><span style=\"font-family: Verdana, sans-serif;\"><u>politique de confidentialit\u00e9 d&rsquo;Infomaniak<\/u><\/span><\/span><\/a><span style=\"font-family: Verdana, sans-serif;\">.<\/span><\/p>\n<h3 class=\"western\"><strong><span style=\"font-family: Verdana, sans-serif;\">Dur\u00e9e de stockage de vos donn\u00e9es<\/span><\/strong><\/h3>\n<p><span style=\"font-family: Verdana, sans-serif;\">Si vous laissez un commentaire, le commentaire et ses m\u00e9tadonn\u00e9es sont conserv\u00e9s ind\u00e9finiment. Cela permet de reconna\u00eetre et approuver automatiquement les commentaires suivants au lieu de les laisser dans la file de mod\u00e9ration.<\/span><\/p>\n<h3 class=\"western\"><strong><span style=\"font-family: Verdana, sans-serif;\">Transmission de vos donn\u00e9es personnelles<\/span><\/strong><\/h3>\n<p><span style=\"font-family: Verdana, sans-serif;\">Personnellement, nous ne communiquons pas vos donn\u00e9es personnelles. <\/span><span style=\"font-family: Verdana, sans-serif;\">Les commentaires des visiteurs peuvent \u00eatre v\u00e9rifi\u00e9s \u00e0 l\u2019aide d\u2019un service automatis\u00e9 de d\u00e9tection des commentaires ind\u00e9sirables.<\/span><\/p>\n<h3 class=\"western\"><strong><span style=\"font-family: Verdana, sans-serif;\">SSL de Sertigo<br \/><\/span><\/strong><\/h3>\n<p><span style=\"font-family: Verdana, sans-serif;\">Nous utilisons ce service pour configurer notre site pour fonctionner en HTTPS. <\/span><span style=\"font-family: Verdana, sans-serif;\">Vous pouvez trouver leur politique de confidentialit\u00e9 <\/span><a href=\"https:\/\/www.sectigo.com\/politique-de-confidentialit%C3%A9\" target=\"_blank\" rel=\"noopener\"><span style=\"color: #0000ff;\"><span style=\"font-family: Verdana, sans-serif;\"><u>ici<\/u><\/span><\/span><\/a><span style=\"font-family: Verdana, sans-serif;\"> .<\/span><\/p>\n<p>[\/et_pb_text][\/et_pb_column][\/et_pb_row][\/et_pb_section]<\/p>\n","protected":false},"excerpt":{"rendered":"<p>politique de confidentialit\u00e9Derni\u00e8re mise \u00e0 jour : juin 2024Qui sommes-nous ? L\u2019adresse de notre site Web est :\u00a0https:\/\/60plusanniviers.ch Commentaires Quand vous laissez un commentaire sur notre site web, les donn\u00e9es [&hellip;]<\/p>\n","protected":false},"author":1,"featured_media":0,"parent":0,"menu_order":0,"comment_status":"closed","ping_status":"closed","template":"","meta":{"_et_pb_use_builder":"on","_et_pb_old_content":"","_et_gb_content_width":"","footnotes":""},"class_list":["post-29014","page","type-page","status-publish","hentry"],"_links":{"self":[{"href":"https:\/\/60plusanniviers.ch\/index.php?rest_route=\/wp\/v2\/pages\/29014","targetHints":{"allow":["GET"]}}],"collection":[{"href":"https:\/\/60plusanniviers.ch\/index.php?rest_route=\/wp\/v2\/pages"}],"about":[{"href":"https:\/\/60plusanniviers.ch\/index.php?rest_route=\/wp\/v2\/types\/page"}],"author":[{"embeddable":true,"href":"https:\/\/60plusanniviers.ch\/index.php?rest_route=\/wp\/v2\/users\/1"}],"replies":[{"embeddable":true,"href":"https:\/\/60plusanniviers.ch\/index.php?rest_route=%2Fwp%2Fv2%2Fcomments&post=29014"}],"version-history":[{"count":165,"href":"https:\/\/60plusanniviers.ch\/index.php?rest_route=\/wp\/v2\/pages\/29014\/revisions"}],"predecessor-version":[{"id":49875,"href":"https:\/\/60plusanniviers.ch\/index.php?rest_route=\/wp\/v2\/pages\/29014\/revisions\/49875"}],"wp:attachment":[{"href":"https:\/\/60plusanniviers.ch\/index.php?rest_route=%2Fwp%2Fv2%2Fmedia&parent=29014"}],"curies":[{"name":"wp","href":"https:\/\/api.w.org\/{rel}","templated":true}]}}